e 16, what is -4 - 57c18a?
-57c18e
In base 3, what is 2022010201221112 + 12?
2022010201221201
In base 4, what is -2033231212133 - -2?
-2033231212131
In base 7, what is -1 - -25102526?
25102525
In base 10, what is 4 + 17907937?
17907941
In base 9, what is -21376 + 1736?
-18540
In base 12, what is 38 + 244490?
244508
In base 8, what is 2121533 + -14?
2121517
In base 5, what is 213322243 + 314?
213323112
In base 13, what is -9c2 - -7a201?
7950c
In base 7, what is 301566 - 2011?
266555
In base 14, what is -126105c1 - -5?
-126105ba
In base 14, what is 3 + -3175bad?
-3175baa
In base 11, what is -5 - -3905a4?
39059a
In base 10, what is 29 - -407281?
407310
In base 16, what is -21 + -16d135?
-16d156
In base 5, what is -1 + -10013134343?
-10013134344
In base 4, what is -3021120021310 + -2?
-3021120021312
In base 7, what is 10431044 + 144?
10431221
In base 9, what is 0 - 562644513?
-562644513
In base 4, what is -12120310131 + 32?
-12120310033
In base 10, what is 648345 + -10?
648335
In base 6, what is -4143 + -110311?
-114454
In base 3, what is -202112 + -11012011?
-11221200
In base 15, what is 18 + -22d200?
-22d1d7
In base 11, what is -11a - 88506?
-88625
In base 16, what is -1bfc9 - 850?
-1c819
In base 15, what is 79258 + 2bb?
79524
In base 11, what is 8759 + 2957?
10605
In base 12, what is -19 + -19b76?
-19b93
In base 11, what is -160701a - 12?
-1607031
In base 4, what is 101 + -213010223330?
-213010223223
In base 6, what is 1105123441 + -332?
1105123105
In base 6, what is 1300222352 + -111?
1300222241
In base 10, what is -61 - -283103?
283042
In base 10, what is -3 + -4272635?
-4272638
In base 4, what is -1132020010220 + 30?
-1132020010130
In base 12, what is -3 - 1959074?
-1959077
In base 16, what is 192 - -d96c?
dafe
In base 7, what is 4 + -1254411126?
-1254411122
In base 16, what is -1888 - -12b9?
-5cf
In base 9, what is -5 - -854633?
854627
In base 5, what is 4230021044 - -1?
4230021100
In base 7, what is 230 - 422203?
-421643
In base 6, what is 2425 - -34234432?
34241301
In base 12, what is 36b65 + -b0b?
36056
In base 10, what is 206933 - -117?
207050
In base 11, what is 760 + 34756?
35406
In base 16, what is bce0ea + 4?
bce0ee
In base 3, what is 12121221012201 + -101?
12121221012100
In base 16, what is -1e540 - 1b?
-1e55b
In base 8, what is 5556773 - -306?
5557301
In base 9, what is -266646 + -102?
-266748
In base 4, what is -211230033 - -21020?
-211203013
In base 15, what is -4 - 4ae859?
-4ae85d
In base 9, what is 318745 - -65?
318821
In base 5, what is -113122 - 112140?
-230312
In base 14, what is 192ba - -45?
19321
In base 11, what is -5a3 + 1023a4?
101901
In base 2, what is -1101011 - 1101011011011111?
-1101011101001010
In base 6, what is -144114 + -513?
-145031
In base 6, what is -3035 - -30325?
23250
In base 10, what is -10 - 23337909?
-23337919
In base 6, what is 244011510 + -5?
244011501
In base 9, what is 6821204 + -5?
6821188
In base 6, what is 25541 - -55203?
125144
In base 10, what is 12 + -3252098?
-3252086
In base 10, what is -33 - 23669?
-23702
In base 11, what is -6 + 96619?
96613
In base 12, what is -9b8214 + -a1?
-9b82b5
In base 15, what is 32 + -25532?
-25500
In base 9, what is -4 - -57285475?
57285471
In base 12, what is -176331665 + 4?
-176331661
In base 5, what is -10022314 - -411?
-10021403
In base 9, what is 112124 + 141?
112265
In base 5, what is 43024432013 - -2?
43024432020
In base 6, what is -15 - 1252303302?
-1252303321
In base 12, what is -4b - 85997?
-85a26
In base 7, what is -5 + 16654010?
16654002
In base 15, what is -b3a - 2104?
-2c3e
In base 6, what is 13335501313 - 3?
13335501310
In base 14, what is 3510145 + 3?
3510148
In base 16, what is b69cb + 31?
b69fc
In base 7, what is 423 - 164143?
-163420
In base 7, what is -2134 + -11452?
-13616
In base 10, what is -1 - -424191510?
424191509
In base 6, what is -415345 + -50?
-415435
In base 9, what is 1002671 - 647?
1002023
In base 9, what is 34060384 - -23?
34060417
In base 8, what is 31 - -1074077?
1074130
In base 7, what is 1 - -115014603?
115014604
In base 11, what is 4884a128 + -5?
4884a123
In base 12, what is -49a214 - 6b8?
-49a910
In base 10, what is -398 - 340894?
-341292
In base 13, what is 2140 + 104a7?
12617
In base 9, what is 5442735 + 11?
5442746
In base 9, what is 6 - -4454001?
4454007
In base 7, what is 6210010 + 105?
6210115
In base 3, what is 2200121 + 22022122?
102000020
In base 10, what is 12 - 51281327?
-51281315
In base 13, what is -9b - -61256?
61188
In base 14, what is b + -2c9c17?
-2c9c0a
In base 2, what is 1000000111111001111 + 11011?
1000000111111101010
In base 14, what is 3da - 5683?
-5287
In base 5, what is 442 + -11324312244?
-11324311302
In base 5, what is 3443 - 104344243?
-104340300
In base 9, what is -30 - -2487870?
2487840
In base 4, what is -21221211012022 + 10?
-21221211012012
In base 8, what is -1160 - 217642?
-221022
In base 12, what is 90 + -1965?
-1895
In base 10, what is 1 + -8147648?
-8147647
In base 14, what is -6278 - 35?
-62ad
In base 16, what is 770da + 876?
77950
In base 13, what is -912a82 + 11b?
-912964
In base 14, what is -15b495 + 4?
-15b491
In base 9, what is 3 + 35077336?
35077340
In base 9, what is 160128720 + -1?
160128718
In base 7, what is 3016035566 + 0?
3016035566
In base 2, what is -1 - -1110111001100011010001101?
1110111001100011010001100
In base 12, what is 9407a4 - -1a?
940802
In base 5, what is -10 + 4424423410?
4424423400
In base 9, what is -1220 - -64723?
63503
In base 9, what is -5387 + 1623?
-3664
In base 10, what is -20962 + 212?
-20750
In base 3, what is 10 - 201212210011110000?
-201212210011102220
In base 4, what is 13 - 3003022122?
-3003022103
In base 12, what is -1017ab234 + -5?
-1017ab239
In base 14, what is -a732 + -cc7?
-b619
In base 9, what is -2452251 + 6?
-2452244
In base 11, what is 36 - -97500?
97536
In base 2, what is -11010100011 - 101000010000000111?
-101000101010101010
In base 4, what is 3220 + 30300103?
30303323
In base 10, what is 53592462 + 7?
53592469
In base 6, what is 2151101300 - -5?
2151101305
In base 5, what is 320 + -1440233?
-1434413
In base 11, what is -775 - 5035?
-57aa
In base 3, what is -10022221011021 - -11?
-10022221011010
In base 4, what is -10 + 12031223000?
12031222330
In base 10, what is 2 + 381173?
381175
In base 12, what is 5 - 45485b77?
-45485b72
In base 7, what is 3 - -25434641?
25434644
In base 16, what is -1509db79 - 3?
-1509db7c
In base 10, what is -11756 - 873?
-12629
In base 10, what is 23717759 - 1?
23717758
In base 12, what is 2656841 + 5?
2656846
In base 16, what is 226 - 430fb?
-42ed5
In base 4, what is -32002233 + 13333?
-31322300
In base 10, what is 7682476 + 0?
7682476
In base 12, what is 1324443 + -b?
1324434
In base 6, what is -223253 - 2154?
-225451
In base 4, what is 0 - -102320110120?
102320110120
In base 11, what is 280845 - 6?
28083a
In base 9, what is -15084 - 313746?
-328841
In base 15, what is -5d - 1a43e7?
-1a4455
In base 13, what is 5 + -8980a3?
-89809b
In base 16, what is -2b675e + 3?
-2b675b
In base 12, what is -2 - a98421?
-a98423
In base 2, what is 10001011011100100110110 + 11101?
10001011011100101010011
In base 11, what is 773a4 + -6?
77399
In base 2, what is 110011011101 + -101101011010110?
-100110111111001
In base 13, what is -101495 - -13?
-101482
In base 10, what is 4 - -263626?
263630
In base 14, what is -1b85 - -759?
-142a
In base 4, what is 213100 + -2222213?
-2003113
In base 11, what is 9a20a0060 - -3?
9a20a0063
In base 16, what is 8e90 - 83b?
8655
In base 8, what is -1317 + -31212?
-32531
In base 5, what is -4 - 334101420240?
-334101420244
In base 15, what is 573aea + 17?
573b12
In base 7, what is -23220605 + -5?
-23220613
In base 3, what is -2 + 1020211112100220?
1020211112100211
In base 16, what is 21730 + -18a?
215a6
In base 2, what is 10011 + -111000001111101000111?
-111000001111100110100
In base 7, what is 1234332 - 16?
1234313
In base 7, what is -6 - -6655655?
6655646
In base 12, what is -131 - -238b8?
23787
In base 15, what is 15e74 + -b4?
15db0
In base 10, what is -46 + -784844?
-784890
In base 14, what is 18 + 269b45?
269b5d
In base 2, what is 1000111001100010 - -10100000101?
1001001101100111
In base 12, what is -211986b - 0?
-211986b
In base 10, what is -41 + -3161965?
-3162006
In base 10, what is 9264 + 